o - 170. What is the tens digit of o?
3
Let f be (436/144 - (-2)/9)*236. Suppose 157 = -5*d + f. What is the units digit of d?
2
Let h = -2562 - -4487. What is the hundreds digit of h?
9
Suppose -3*a - 44 = -2*t + 87, 5*a + 315 = 5*t. Suppose 5*k = 2*r + 3*k - t, -4*r + k + 128 = 0. What is the units digit of r?
3
Suppose 0 = -3*a + 5*q + 137, -a - 2*q + 3*q + 45 = 0. What is the units digit of a?
4
Let y(m) = -5 - 6 + 9 + 15*m. Let z be y(1). Suppose 0 = -2*f - u + z, -2*u - 19 = -f - 0. What is the units digit of f?
9
Suppose 0 = h - 3*f - 1385, 5*f + 1724 = 2*h - 1051. What is the units digit of h?
0
Let n = 2964 + -1465. What is the hundreds digit of n?
4
Suppose 5*o = -3*n - 100, 5*n - 5*o = -80 - 20. Let v = 29 + n. Suppose m + 12 = v*y + 3*m, -5*m = -20. What is the units digit of y?
1
Let c = 138 - 50. Suppose -2*j + c = -74. What is the tens digit of j?
8
Suppose -9*n + 42 = -2*n. What is the units digit of (-15*n/27)/(4/(-102))?
5
Let k(c) = -468*c**3 - 2*c**2 + 6*c + 7. What is the tens digit of k(-1)?
6
Suppose -5*w - 3*n = -1175, -6*w - n - 957 = -10*w. Let h = w + -165. What is the tens digit of h?
7
Let q be (5 - 10)/(1/(-11)). Suppose 3*u - 229 + 42 = h, -u + q = -4*h. What is the tens digit of u?
6
What is the units digit of (7791/42)/(1/2)?
1
Let u = -184 + 209. What is the units digit of u?
5
Suppose -12*p = -3586 - 10574. What is the tens digit of p?
8
Let m = 772 - 319. What is the tens digit of m?
5
Suppose 4*l + l = 0. Let r be l*2/(0 + 2). Suppose r = -0*w + 4*w - 5*k - 136, 0 = 2*w - 5*k - 78. What is the tens digit of w?
2
Let a = 2 - 11. Let p be (4 + -58)/(a/(-6)). Let w = 66 + p. What is the tens digit of w?
3
Suppose c - 4*j = -9*j + 460, c - 3*j = 460. What is the hundreds digit of c?
4
Let z(a) = a**2 + 2*a + 390. What is the tens digit of z(0)?
9
Let u = 94 + -37. Let x = u + -37. What is the tens digit of x?
2
Suppose p = a - 3, -4*p + 5*a - 15 = -0*a. Let t = -7 - -19. Suppose -n + 4*n - t = p. What is the units digit of n?
4
Let m(c) be the second derivative of 13*c**3/3 + 17*c**2/2 - 35*c. What is the tens digit of m(4)?
2
Let z be ((-4)/10 - -1) + 17210/25. Let i = -460 + z. What is the units digit of i?
9
Let r(v) = v**3 + 8*v**2 + 2*v + 12. Let d be r(-8). What is the hundreds digit of 83*d/3*57/(-38)?
1
Suppose -103 + 19 = -6*b. Let t = 196 - b. What is the tens digit of t?
8
Let t = -26 - -28. Suppose 61 - 13 = t*u. What is the tens digit of u?
2
Let r(f) = f**3 - 14*f**2 - 21*f - 13. What is the hundreds digit of r(16)?
1
Let o = 4 - -1. Let u = o + 58. What is the units digit of u?
3
What is the units digit of (3/(-15) + 1)*(-8855)/(-46)?
4
Suppose r - 4*r = -198. What is the units digit of 1 + 0 + r + -4?
3
Let w = 5 - 0. What is the units digit of 70 - 1/5*w?
9
Suppose -14*d + 12*d = -26. Let c = d + -9. Suppose c*k - 241 = -41. What is the tens digit of k?
5
Let a = 108 - 20. Suppose 3*i = i + a. What is the tens digit of i?
4
Suppose 4*q + 91 = 5*j + 793, -4*q - 8 = 0. Let i = -54 - j. What is the units digit of i?
8
Suppose -15 - 1 = -4*o. What is the hundreds digit of (-286)/(-4)*o/2?
1
Let d = 7 - 5. Suppose -u - 2 = -0, 122 = d*z + 5*u. What is the tens digit of z?
6
Let u(l) = -l**3 - 10*l**2 - 2*l - 1. What is the units digit of u(-13)?
2
Let m(d) = 2*d**2 - 7*d + 92. What is the units digit of m(-15)?
7
Suppose -13 = -8*b + 115. Suppose 2*v = -0*v - b. Let h(t) = t**3 + 8*t**2 - 4*t + 16. What is the tens digit of h(v)?
4
Let c(h) = h**3 - 12*h**2 - 13*h + 1. Let f be c(13). Let z(a) = 62*a**2 + a - 1. What is the units digit of z(f)?
2
Let a(z) = z + 1. Let h be a(1). Suppose -q = -o + 2 - 1, -h*q + 5*o = 5. Suppose p - 4 + 2 = q, 2*m = 3*p + 26. What is the tens digit of m?
1
Let k be -10*-3*2/15. Let x(t) = 16*t**2 - 6*t + 9. What is the tens digit of x(k)?
4
Let u be 282 + 4 + (-2 - 2). Suppose 0 = -6*n + 3*n + u. What is the tens digit of n?
9
Let g(p) = -2*p**3 - p**2 + 26. Let k be 0/(1*(0 + -3)). What is the units digit of g(k)?
6
What is the hundreds digit of 0/((-5)/(-3 - 2)) - -198?
1
Let r be (375/20)/(2/16). Suppose 2*u - r = -u. What is the units digit of u?
0
Suppose 2*g + 3*d - 1257 = -0*d, 3*g + 4*d = 1883. What is the units digit of g?
1
Let a(f) = 4*f**3 + f - 1. Let q(m) = -m**3 + m. Let w be q(2). Let c be w - -7 - (-1 - -1). What is the units digit of a(c)?
4
Let f(g) = -g**2 - 11*g + 6. Let v be f(-11). Suppose -v = -3*a, x - 2*x - 47 = 3*a. Let o = -30 - x. What is the units digit of o?
3
Suppose 2*h = 4*h. Suppose h = 4*i + 8, 4*y = -i + 5*i + 152. What is the units digit of y?
6
Let l be 1/(((-16)/(-4))/4)*13. Suppose -10 = t - l. What is the units digit of t?
3
Let u(l) = l**2 - 14*l + 84. What is the hundreds digit of u(23)?
2
Let k(q) = q**2 - 12*q + 27. Let d be k(3). Suppose -77*z + 81*z - 648 = d. What is the hundreds digit of z?
1
Let r = 24 + -24. Suppose -h + r*h = -2*n - 87, n = -4*h + 375. What is the units digit of h?
3
Let v = -740 + 1376. What is the hundreds digit of v?
6
Suppose 4*l - 3 = -v, -5*l = -4*v - 28 - 2. Let o be (0/((-2)/(-1)))/l. Suppose o = k + k - 56. What is the units digit of k?
8
Let n(s) = s**3 - 3*s**2 + 3*s - 2. Let j be 1 - -2 - (-1 - -2). Let m be n(j). Suppose -4*d + 52 = -m*d. What is the tens digit of d?
1
Suppose -m + x = 12, 4*x + 0*x + 33 = -5*m. Let p = 135 + -111. Let r = p + m. What is the units digit of r?
5
Let q(v) = -v**3 + 6*v**2 - v - 1. Let g be q(6). Let j be 8*1*(-6 - g). Suppose -2*z + j = -26. What is the units digit of z?
7
Suppose 622*f = 632*f - 16110. What is the tens digit of f?
1
Let s(o) = -2 + 13*o + o**3 - 4 - 10*o. What is the tens digit of s(4)?
7
Let l = -2 + 0. Let t be 65/l + (-2)/(-4). Let o = -16 - t. What is the units digit of o?
6
Suppose -s + 4*x + 5 = 0, x + x = s + 1. What is the hundreds digit of 6*((-518)/4)/s?
1
What is the tens digit of 0/(42/(-7)) + 10*6?
6
Let s = 792 - -894. What is the units digit of s?
6
Suppose -5*d = 101*h - 97*h - 13213, 5*h - 4*d - 16506 = 0. What is the hundreds digit of h?
3
Let x = 0 - -2. Let g be (-50)/35*(-42)/12. Suppose 19 = g*f - u, -4*f + x*u - 3 = -17. What is the units digit of f?
4
Suppose -66 = 6*x - 348. What is the tens digit of x?
4
Suppose 4*i + 4 = 0, -4*x - i - 147 = -1114. What is the hundreds digit of x?
2
Let d(h) = 2*h**3 + 10*h**2 + 4*h + 1. What is the units digit of d(5)?
1
Suppose 5*y - 1737 = 48. What is the tens digit of y?
5
Let r be (-45)/(1 - 6/9*1). Let j = 246 + r. What is the tens digit of j?
1
Let l(h) = 250*h**2 + 38*h + 68. What is the hundreds digit of l(-2)?
9
Let z(v) = 11*v**2 + 2*v + 23. What is the hundreds digit of z(-6)?
4
Let i(g) be the second derivative of g**5/20 - g**4/6 + g**3/3 + 129*g**2 + 22*g. What is the units digit of i(0)?
8
Suppose -t - 2*t + 5*r + 1703 = 0, -3*r = -5*t + 2849. What is the hundreds digit of t?
5
Let v be (-1 + 0/(-3))/1. Let s be (-81)/3 + (-1)/v. What is the units digit of 2*(0 + s/(-4))?
3
Suppose 6*h + 97 = 427. What is the tens digit of h/4 - 4/(-16)?
1
Let p = -52 - -57. Suppose 3*j - p*j + 120 = 0. What is the tens digit of j?
6
Let x = -44 - 24. Let c be 1343/x + 6/8. Let n = -10 - c. What is the units digit of n?
9
Suppose 474 - 33 = -p. Let m be p/14 - (-2)/(-4). Let b = 6 - m. What is the tens digit of b?
3
Suppose -907 = -6*f - 187. What is the tens digit of f?
2
What is the hundreds digit of -5 + 5 + -4 + 769?
7
Let d(z) = z**3 + 7*z**2 - 3*z - 17. Let b be d(-7). What is the units digit of 3 - (-3 + b - (16 + 0))?
8
Let k(s) = 4*s**2 + 3*s + 8. Let m(w) = 7*w + 2. Let j be m(-1). Let o be k(j). Suppose 0 = -2*f - f + o. What is the tens digit of f?
3
Let r be (10/(-8))/(10/(-40)). Suppose 1 = r*h - 4*h + 2*t, -3*t = 4*h - 24. What is the units digit of h?
9
Suppose 3*c + 4019 = 4*c. What is the units digit of c?
9
Suppose 5*m = 2*g + 2352, 1245 = 4*m - 4*g - 639. What is the tens digit of m?
7
Let o(z) be the first derivative of 4*z**2 - z + 12. Let q(t) = 3*t**2. Let r be q(1). What is the tens digit of o(r)?
2
Suppose 3*u = -2*w - 1298 + 14572, -3*u + 3*w = -13284. What is the units digit of u?
6
Let o be 8/(-2 + 4 + 0). Suppose -y - 2*i = 2, -2*i + o = 4*y - 0*i. Suppose 3*h - 25 = -2*w + 23, -y*h = -4. What is the units digit of w?
1
Let c(v) = 4*v**2 - 9*v +